-4?
12
In base 16, what is 3 + 3f2?
3f5
In base 13, what is -21 + 27a?
259
In base 16, what is 2 - 61?
-5f
In base 14, what is -23 + 5?
-1c
In base 6, what is -4 + 1424?
1420
In base 13, what is -13c - 9c?
-20b
In base 15, what is 2 + -785?
-783
In base 11, what is 682 - -6?
688
In base 12, what is 122 + -2?
120
In base 8, what is -5 + 124?
117
In base 9, what is -16 + -28?
-45
In base 6, what is 120 - -2?
122
In base 5, what is -422 - 430?
-1402
In base 10, what is 2 - 1861?
-1859
In base 10, what is -9 + 17?
8
In base 11, what is -1585 - 3?
-1588
In base 10, what is 1059 - 2?
1057
In base 11, what is -10 + 174?
164
In base 12, what is 12b - 1?
12a
In base 4, what is -131220 - 13?
-131233
In base 13, what is -1 + 47a?
479
In base 7, what is 20012 + -2?
20010
In base 13, what is 3 - -1734?
1737
In base 6, what is 1 - -355?
400
In base 14, what is 4 - -230?
234
In base 8, what is -1 - 141?
-142
In base 6, what is -2 + 130?
124
In base 11, what is -18 - 2?
-1a
In base 9, what is 503 - 16?
476
In base 9, what is -741 + -3?
-744
In base 12, what is -4 + 207?
203
In base 9, what is -5 - 343?
-348
In base 3, what is -2022 + -221?
-10020
In base 6, what is 3 - -1030?
1033
In base 10, what is -2 + 353?
351
In base 14, what is 295 - 4?
291
In base 15, what is -18 - 15?
-2d
In base 10, what is 5 + 3057?
3062
In base 8, what is -2 + -7?
-11
In base 5, what is 4220 - 1?
4214
In base 8, what is -1 - 611?
-612
In base 4, what is 1313102 + -3?
1313033
In base 13, what is 2c + -6b?
-3c
In base 5, what is 2 + 22443?
23000
In base 10, what is -1244 - -1?
-1243
In base 15, what is 4d47 - 1?
4d46
In base 9, what is 2 + -13?
-11
In base 10, what is 3 + -8?
-5
In base 10, what is -5 + -6?
-11
In base 7, what is -2 + 26?
24
In base 16, what is -ba - 1?
-bb
In base 11, what is -4 - 43?
-47
In base 16, what is -6 + -83?
-89
In base 4, what is 1 - 31010?
-31003
In base 12, what is -5 - 856?
-85b
In base 7, what is 2 + 255?
260
In base 3, what is 1 + 220211?
220212
In base 10, what is 346 + -4?
342
In base 10, what is -8689 + 4?
-8685
In base 9, what is -5 + 3317?
3312
In base 6, what is 11 + -1404?
-1353
In base 7, what is 2 + 31?
33
In base 13, what is -4 + -1a?
-21
In base 5, what is 20 + -123?
-103
In base 7, what is 200 - 5?
162
In base 4, what is -12311 - 1?
-12312
In base 7, what is 4640 + 3?
4643
In base 10, what is 107 + -1?
106
In base 4, what is 1 - 120?
-113
In base 11, what is 40 - 2?
39
In base 13, what is 14 + 1?
15
In base 6, what is -3040 + 0?
-3040
In base 16, what is -19 + 10?
-9
In base 2, what is 1 + -11000001?
-11000000
In base 10, what is 17 + -468?
-451
In base 16, what is 249 - 2?
247
In base 9, what is -126 - -5?
-121
In base 14, what is -8 + 27?
1d
In base 6, what is -1544 - -114?
-1430
In base 8, what is 25265 - 4?
25261
In base 8, what is 34 - 472?
-436
In base 6, what is -5 + 30?
21
In base 11, what is -4 - 186a?
-1873
In base 15, what is 29 - 5?
24
In base 6, what is -1 - 142?
-143
In base 13, what is -697 + -1?
-698
In base 13, what is -46 + -97?
-110
In base 13, what is -12 - c?
-21
In base 9, what is -323 - -4?
-318
In base 13, what is -7a + -b?
-88
In base 16, what is 19e + 4?
1a2
In base 12, what is 1 + 54?
55
In base 6, what is 4 + -1315?
-1311
In base 16, what is 4 + 17?
1b
In base 8, what is -1 - -32?
31
In base 7, what is 321 + 114?
435
In base 4, what is 2001303 + 10?
2001313
In base 11, what is 5 - -30?
35
In base 14, what is 2 + -11?
-d
In base 7, what is -1 + -201?
-202
In base 6, what is 1 - -3?
4
In base 10, what is 68 - -5?
73
In base 3, what is -2120002 - 22?
-2120101
In base 12, what is -3 - 103?
-106
In base 6, what is 150 - -4?
154
In base 8, what is 2 - -434?
436
In base 16, what is c9 - -1e?
e7
In base 12, what is -99 - 1?
-9a
In base 4, what is -11 + 101131?
101120
In base 6, what is 5 - -330?
335
In base 12, what is 231 + -13?
21a
In base 16, what is -d3 - 5?
-d8
In base 7, what is 2 + 116?
121
In base 8, what is -5 - -3?
-2
In base 9, what is -11 + 246?
235
In base 2, what is -11111 - 1010?
-101001
In base 13, what is -182 - 3?
-185
In base 2, what is 1 - 10001011110?
-10001011101
In base 9, what is 446 + -14?
432
In base 11, what is -318 - 17?
-334
In base 8, what is -3 - -244?
241
In base 5, what is -120 + -14?
-134
In base 11, what is -77 + 99?
22
In base 11, what is -2 + 2719?
2717
In base 10, what is -297 + -2?
-299
In base 7, what is 2321 - -5?
2326
In base 2, what is -1 - 11100?
-11101
In base 7, what is -11 + -1?
-12
In base 8, what is 10 + 247?
257
In base 10, what is 1 - 2478?
-2477
In base 15, what is -12 + e?
-3
In base 6, what is -443 - 0?
-443
In base 11, what is -4 - -952?
949
In base 14, what is 13d + -1?
13c
In base 9, what is 3 - 285?
-282
In base 6, what is 1040 - -4?
1044
In base 13, what is -1 + -1a0c?
-1a10
In base 13, what is 24 + -4?
20
In base 16, what is -2 - 6b0?
-6b2
In base 10, what is 18 - -5?
23
In base 4, what is 31 + 1?
32
In base 13, what is 2c4 + -1b?
2a6
In base 9, what is 311 + -1?
310
In base 6, what is -5 - -12434?
12425
In base 9, what is 111 + -1?
110
In base 2, what is 110 - -10111011?
11000001
In base 8, what is 20753 + 0?
20753
In base 6, what is -42 - -10?
-32
In base 9, what is 52 + -4?
47
In base 10, what is 620 - 5?
615
In base 3, what is -222210 - 11?
-222221
In base 3, what is 10221001 + 10?
10221011
In base 15, what is -2 + 171?
16e
In base 13, what is 13 + 112?
125
In base 13, what is 8 + 1c?
27
In base 13, what is -678 - -2?
-676
In base 12, what is 70 + -9?
63
In base 6, what is 4 + 154?
202
In base 8, what is -1 + 1044?
1043
In base 9, what is 1 + -66?
-65
In base 11, what is -793 + 2?
-791
In base 14, what is -2 - 8?
-a
In base 12, what is 5 + 27?
30
In base 13, what is 5 + 26?
2b
In base 5, what is -20122 - 11?
-20133
In base 4, what is -10 + 1030?
1020
In base 15, what is -5 - 84?
-89
In base 2, what is 10011 + 11011?
101110
In base 3, what is -21 - -200?
102
In base 9, what is 53 + 14?
67
In base 3, what is 21 - 12?
2
In base 12, what is -5 + -41?
-46
In base 2, what is -1000110010 - 1001?
-1000111011
In base 8, what is 1321 - 6?
1313
In base 5, what is -124 - -20?
-104
In base 4, what is -10330 + 201?
-10123
In base 5, what is -30133 + 0?
-30133
In base 8, what is 7 + -1?
6
In base 8, what is -76 + -326?
-424
In base 15, what is 2 + -2be?
-2bc
In base 3, what is 210 + -1?
202
In base 6, what is 22113 - -1?
22114
In base 14, what is -2d03 - 5?
-2d08
In base 15, what is -2126 - 4?
-212a
In base 12, what is -1 - 961?
-962
In base 11, what is -1 + -5a?
-60
In base 9, what is 314 + -1?
313
In base 15, what is -1b + 2?
-19
In base 14, what is 20d3 - -1?
20d4
In base 7, what is 21 - -53?
104
In base 14, what is -2c7 - 4?
-2cb
In base 7, what is 1 - 124?
-123
In base 5, what is 10 - -3240?
3300
In base 12, what is 783 + -6?
779
In base 2, what is -101 + 111100?
110111
In base 14, what is -1004 + 0?
-1004
In base 11, what is -2 + 606?
604
In base 4, what is -11 - 123311?
-123322
In base 11, what is -673 - 1?
-674
In base 7, what is 1 + -405?
-404
In base 14, what is 5 - 84?
-7d
In base 8, what is 2 + 5?
7
In base 2, what is 101000011 + -100?
100111111
In base 10, what is 273 - -12?
285
In base 14, what is 344d - 5?
3448
In base 13, what is 1 - -22?
23
In base 13, what is -3 - -6?
3
In base 9, what is 30 - 11?
18
In base 16, what is 1487 - 4?
1483
In base 7, what is 3 - -3201?
3204
In base 5, what is 210 - 22?
133
In base 6, what is 14 + 12?
30
In base 3, what is 1012001102 - 0?
1012001102
In base 6, what is 3304 + 0?
3304
In base 9, what is 3124 - 2?
3122
In base 16, what is 3 + c?
f
In base 4, what is 1202 + 2233?
10101
In base 4, what is 12033 - 111?
11322
In base 11, what is 0 + 0?
0
In base 2, what is 0 + -100000110?
-100000110
In base 13, what is 40 + -1?
3c
In base 9, what is -2824 - -21?
-2803
In base 13, what is -1 + aa?
a9
In base 4, what is 10 - 100120?
-100110
In base 6, what is 131 + 1?
132
In base 2, what is -1111101100 + 10?
-1111101010
In base 14, what is 29a6 - 0?
29a6
In base 11, what is 2 - -86?
88
In base 14, what is 17b + -1c?
15d
In base 16, what is -5df + -1?
-5e0
In base 12, what is 4 - 408?
-404
In base 15, what is -7 + -144?
-14b
In base 10, what is 795 - -5?
800
In base 14, what is 2b + 2b8?
305
In base 8, what is -6 - -244?
236
In ba